 o = 187 - 180. Suppose 4*b - 716 = -2*g, -6*g + o*g = -4*b + 718. Let l = 22 - 2. What is the greatest common factor of b and l?
20
Let n be (6/(-4))/(-1) + 47/94. Suppose -n*k - 734 = -2*p, 5*p + 9*k - 11*k = 1838. What is the highest common factor of p and 32?
16
Let v = 1612 + -1450. What is the highest common factor of 78 and v?
6
Let o be -3*(5 + -1 + -7). Let p be 2 + (-3)/o + (-161644)/(-138). Calculate the greatest common divisor of 51 and p.
51
Let q(c) = 334*c - 4339. Let s be q(13). What is the greatest common factor of s and 92?
1
Suppose -97*i = -98*i + 3*o - 8, o = -5*i + 40. What is the highest common factor of 7 and i?
7
Let z(a) = -21*a**3 + 6*a**2 + 4*a + 1. Let w be z(-2). Let r = w - 152. What is the greatest common factor of r and 66?
33
Suppose 0 = -x + 5*u - 11, 5*u + 53 = -6*x + 3*x. Let b = x + 25. Suppose -24 = 50*d - 53*d, -17*d + 217 = 3*v. What is the highest common divisor of v and b?
9
Suppose -11*o + 12*o - 581 = -4*j, 5*j + o = 726. What is the highest common factor of j and 70?
5
Suppose -47 = -p + 41. Let v = 188 - 193. Let y(q) = q**3 + 4*q**2 - 5*q + 8. Let n be y(v). Calculate the greatest common factor of p and n.
8
Suppose -1463*l - 1566 = -1469*l. What is the highest common divisor of l and 27?
9
Let m be (-3)/2 + 2*(-6731)/(-212). Let f(b) = 77*b**2 + 2*b - 2. Let c be f(2). What is the highest common factor of m and c?
62
Let t = 2971 + -2881. What is the greatest common factor of 4410 and t?
90
Suppose 2*t - 8 = -0*t - 2*j, -j = -t. Suppose -t*i - 4*c - 21 = -i, i - 11 = 4*c. Let q be 110/6 + i/15. Calculate the highest common divisor of q and 18.
18
Let q(j) = 2*j**3 + 13*j**2 - 273*j + 24. Let g be q(9). Calculate the highest common divisor of g and 1664.
26
Suppose 270*y - 23864 - 7456 = 0. Calculate the highest common factor of y and 10034.
58
Suppose k - 3 - 1 = -2*c, -5*k + 3*c = -20. Suppose d + k*d - 105 = 0. Let i be (-21)/10*2*-5. What is the highest common factor of i and d?
21
Let n be ((-174)/24 - -2)/(12/160). Let y be (n - -5)/(-5) + -3. Suppose -324 - 226 = -5*l. What is the greatest common divisor of y and l?
10
Let g be (-423)/(-2)*(-420)/(-45). Let r be (-4)/6*g/(-28). What is the greatest common factor of 141 and r?
47
Let j(b) = 91*b - 263. Let u(m) = 4*m**2 - 81*m + 27. Let s be u(20). Let o be j(s). Calculate the highest common factor of 44 and o.
22
Let m be (21 + (-7 - 22))/((-5)/(465/6)). Suppose 5*l + 6*r = 3*r - 532, -217 = 2*l - 3*r. Let w = m + l. What is the greatest common factor of 68 and w?
17
Suppose 254 + 178 = 2*m. Let i(h) = -8*h + 76. Let s be i(7). Let n be -10*(-96)/s*(-1)/(-2). Calculate the greatest common divisor of n and m.
24
Suppose -43*g = -20*g - 115. Suppose 2*l - 230 = -4*t, g*t = 26*l - 29*l + 285. What is the highest common divisor of t and 96?
12
Suppose 0 = -5*b + 120 - 195. Let a(t) = -32*t - 452. Let s be a(b). What is the highest common factor of s and 4?
4
Suppose -482 = -14*a + 150 + 40. Calculate the greatest common divisor of a and 1216.
16
Let w = 299 + -260. Suppose w*s - 56 = 38*s. Calculate the greatest common divisor of s and 280.
56
Suppose -72*z = -68*z - 328. Suppose 4*a - 574 = -2*q, -80*q + a + 1148 = -76*q. What is the highest common factor of z and q?
41
Let z be 52/(-598) - (-1731)/69. Calculate the highest common divisor of 20 and z.
5
Let r(t) = t**3 - 10*t**2 - 18*t + 18. Let x be r(11). Let f be (-5)/((-10)/8) - x. Let s = -22 - -43. What is the highest common divisor of f and s?
21
Let m = 69 - 65. Suppose 155 = w - 2*f, -4*f + 108 = m*w - 476. Let u = -65 + w. Calculate the highest common factor of u and 28.
28
Suppose 13*z - 400 = 393. Suppose 3*p = y - 182, -y + 4*p = -z - 125. What is the highest common divisor of y and 102?
34
Suppose -5*a - 33 = -8*a. Let o(k) = 4*k - 5. Let n be o(a). Let g = 74 - n. What is the greatest common factor of 5 and g?
5
Suppose 0 = -10*j + 9 + 11. Suppose 7*m - 2*m = -j*s + 5, -s + 6 = -m. Let p = s + 19. What is the highest common divisor of 48 and p?
24
Let v(c) = 2*c**2 + 2. Let u be v(-2). Let o be 35/5 - -4 - 6. Calculate the greatest common factor of o and u.
5
Suppose 4*r - 1101 = 3*k, 5*r - 1374 = 18*k - 15*k. Let y = r - 87. Calculate the highest common factor of y and 24.
6
Suppose 31*u = -38 + 238 + 1753. What is the greatest common divisor of u and 171?
9
Let w be (38 - 36) + (25 - (-4)/2). Suppose -7 = -m - 5*v, -4*m + 2*v - 3*v + 9 = 0. What is the greatest common factor of w and m?
1
Let f(c) = -642*c - 23474. Let b be f(-37). Let o(n) = 3*n**2 + 2*n + 2. Let u be o(3). Calculate the highest common divisor of u and b.
35
Suppose 1152*n = 1171*n - 20672. What is the highest common factor of 918 and n?
34
Let t = -8059 - -8155. What is the greatest common divisor of t and 1120?
32
Let o(y) = -20*y**2 + 9 + 19*y**2 + 0*y - 7*y. Let l be o(-7). Suppose -5*t + 14 = -a - 0*t, -5*t = a - 26. Calculate the greatest common factor of l and a.
3
Let t be 2 + 2 + (2 - 3) + 0. Suppose -x = t*v - 566, -3*x - 493 - 89 = -3*v. What is the highest common divisor of 10 and v?
10
Let v be (-8 + 6)/((-1)/(45/10)). Let q(o) = o**3 - 10*o**2 + 3*o + 62. Let b be q(v). Calculate the greatest common factor of 216 and b.
8
Let k(h) = 8*h**2 + 3*h - 3. Let s be k(-5). Let n(f) = -5*f - 1. Let g be n(-3). Calculate the highest common divisor of g and s.
14
Suppose -4*l = 2*f + 708, 3*f = 4*l + 8*f + 708. Let q = -117 - l. Suppose -3*v + q = 2*v. Calculate the greatest common factor of v and 8.
4
Let m be (2 - 218/4)*(4 - 1)*-4. Calculate the highest common divisor of m and 126.
126
Let l be -4*(-10)/(-8) + -230. Let y = l - -397. Let t be -1 + 1 + 6*3. Calculate the greatest common divisor of y and t.
18
Let p = -28 + 38. Suppose -640 = -5*a - 5*w, -3*a + 4*w + 394 = -4. Calculate the highest common divisor of a and p.
10
Suppose -3*p + 3*x = -0*x + 9, 18 = -4*p + x. Let u be (2/(-4))/(p/(-10))*-76. Calculate the highest common divisor of 494 and u.
38
Let p(i) = 42*i + 1. Let l be p(4). Let a be ((-78)/(-45)*9)/(27/(2430/36)). What is the highest common factor of l and a?
13
Let j be (2198/(-70) - -9)*-5. Calculate the greatest common factor of j and 252.
28
Suppose 4*w - 34 = d, 4*w - 3*d + 3 - 33 = 0. Suppose 180 = 4*a - 0*a. What is the greatest common factor of w and a?
9
Let i(b) = -44*b + 240. Let g be i(3). What is the greatest common divisor of g and 8964?
108
Let p = 29189 - 27701. Calculate the greatest common factor of 30 and p.
6
Suppose -j = 3*m - 204, 7*j - 96 = -m + 2*j. Calculate the greatest common factor of m and 638.
22
Suppose 54 = 4*g + 4*w + 46, 2*g = 2*w + 20. What is the highest common factor of 1854 and g?
6
Suppose 0 = 7*b - 29 + 8. Suppose b*c - 247 + 232 = 0. What is the highest common factor of c and 25?
5
Let l be ((-260)/(-12) + 5)*3. Let y = 86 - l. Let o(d) = -23*d + 1. Let f be o(-1). What is the greatest common divisor of y and f?
6
Suppose 20377 = 65*l - 38123. Calculate the highest common divisor of 2475 and l.
225
Suppose 31*o = 50598 - 17955. Let y = -723 + o. Calculate the greatest common factor of 198 and y.
66
Let k(v) = -187*v**2 + 4*v - 3. Let j be k(1). Let s = -174 - j. What is the greatest common factor of s and 64?
4
Let w = -14379 + 23118. What is the greatest common divisor of w and 9?
9
Let m(c) = c**3 - 4*c**2 - 7*c - 8. Let k be m(6). Suppose 459 = k*y + 5*y. What is the greatest common divisor of 68 and y?
17
Let n(t) = 2*t + 60. Let i be n(-26). Suppose -i*w + 718 = -1042. Calculate the greatest common factor of 44 and w.
44
Suppose -3*l = -8 - 31. Suppose -4*r = -0*r - 3*m - 67, 40 = 5*r + 5*m. Calculate the highest common factor of r and l.
13
Suppose 11*c = 16*c + 9*c - 3150. Calculate the highest common divisor of c and 288.
9
Let u(w) = 7*w**2 + 10*w + 9. Suppose 0 = 782*r - 787*r - 15. Let n be u(r). Calculate the greatest common divisor of 66 and n.
6
Let k(g) = g**2 - 11*g + 7. Let z be k(11). Suppose z*u - 1339 = 1510. Calculate the highest common factor of 37 and u.
37
Suppose 3*o + 683 = j + 210, -5*j + o = -2407. Let l = -449 + j. Calculate the highest common factor of 858 and l.
33
Suppose 1515 - 115 = 8*l. Let o be (-25)/(l/(-252)) - -6. Calculate the highest common factor of 1134 and o.
42
Let s(q) = 4*q**3 + 2*q**2 - 59*q